se 4*r + 2*o = 486, -5*r + 3*o + c = -2*o. Calculate the highest common factor of r and 12.
12
Let l = 61 - 32. Let s(j) = j**3 - 15*j**2 + 18*j - 38. Let b be s(15). What is the greatest common divisor of l and b?
29
Suppose -3*l - 9 = 0, 5*t - l - 23 = -0*l. Let p(w) = 27*w - 4 - 4*w - t + 0. Let b be p(6). Calculate the greatest common divisor of b and 13.
13
Let g(a) = 4*a**2 + 19*a - 20. Let w(u) = -u**2 - 6*u + 7. Let n(o) = 2*g(o) + 7*w(o). Let q be n(4). What is the greatest common factor of 3 and q?
3
Let o = -299 + 321. What is the greatest common factor of o and 539?
11
Let j(l) = l**2 - l + 3. Let m be j(0). Suppose m*d - 1 = 11. Calculate the highest common divisor of d and 2.
2
Let k = 616 + -406. What is the highest common factor of 490 and k?
70
Suppose -716 = -4*h + 2*l, -242 - 468 = -4*h + 5*l. What is the highest common divisor of h and 420?
60
Let n = 15 + -7. Let m = -6 + n. Suppose -12 = 4*k, -k - 1 = 4*b + m*k. What is the highest common factor of 2 and b?
2
Let w(g) = 12*g**2 - 17*g + 14. Let f be w(-7). Suppose -5*a = 4*d - 204 - f, 425 = 2*d - 5*a. What is the highest common factor of d and 25?
25
Let f be 12 - 3*((-5)/(-5) - 0). Suppose -23 = -4*u + 409. Let y = -27 + u. Calculate the greatest common divisor of f and y.
9
Let o(z) = 2*z - 6. Let u be o(7). Suppose 7*q = u*q - 4. What is the highest common divisor of 12 and q?
4
Let b(j) = -j**3 - 4*j**2 + 4. Let y be b(-4). Suppose -7*w - y*w = -770. Calculate the highest common factor of w and 40.
10
Suppose 0*v + 4*v = 2*s - 696, -5*s - v = -1762. Calculate the highest common factor of 22 and s.
22
Let t be (-144)/(-90)*5/2*1. Calculate the highest common factor of 10 and t.
2
Let w be (117/65)/((-3)/(-10)). Suppose -20 = -w*c + 4*c. Suppose x - 13 = -2*b - b, 4*x + 4*b - 28 = 0. What is the greatest common divisor of x and c?
2
Suppose 3*f + 2*d = 658 - 233, -5*f + 2*d = -735. What is the greatest common divisor of 116 and f?
29
Let r = -17 - -17. Suppose u = -4*i - 3 - 9, r = -5*u - 5*i. Let d be 1*(u + -5)*-27. What is the highest common divisor of 135 and d?
27
Let l = -2585 + 2788. What is the greatest common divisor of l and 7?
7
Suppose 2896 = -5*m + 2*d - 3222, -4*d - 4 = 0. Let t be (4/2)/((-24)/m). Let i(c) = -10*c - 6. Let q be i(-4). Calculate the greatest common factor of q and t.
34
Let x(p) = -p**3 + 12*p**2 + 13*p + 5. Let s be x(13). Let q be (s + 2)*132/14. What is the highest common divisor of 44 and q?
22
Let z(s) = -14*s + 2. Let k be z(-1). Let c be (-189)/(-12)*(-16)/(-3). Let m = c - -44. What is the highest common divisor of k and m?
16
Suppose -2*d - 4*u = -54, 68*d + 4*u = 70*d - 38. Calculate the highest common divisor of d and 736.
23
Let i = -48 + 50. Let j = 8 + i. Calculate the greatest common divisor of j and 70.
10
Let k(a) = a**3 - 40*a**2 + 2*a + 70. Let z be k(40). What is the highest common divisor of 100 and z?
50
Suppose -i = 4*i + 15, -20 = -5*x - 5*i. Suppose x*o = -92 + 281. Calculate the highest common factor of o and 3.
3
Let o(n) = 57*n - 428. Let g be o(8). What is the greatest common factor of 672 and g?
28
Suppose 394 = a - 4*r, 3*a + 4*r - 1267 = -r. What is the greatest common divisor of 90 and a?
18
Let x be 2*1/(-2) - -8. Suppose 0 = -2*r + r + x. What is the greatest common factor of 7 and r?
7
Let q(w) = w**2 - 5*w. Let m be q(4). Let o = 10 + m. Suppose -3*y - 546 + 573 = 0. Calculate the highest common divisor of o and y.
3
Suppose 5*c - 172 = 4*a, 2*c + a = 6*a + 62. Let q(b) = 4*b**2 - 21*b + 8. Let s be q(8). What is the greatest common factor of c and s?
12
Let f = -42 - -46. Suppose 0 = a + 5*g - 29, -f*a - 3*g = -0*a - 48. Calculate the highest common divisor of 45 and a.
9
Let f = -8056 + 8058. Suppose 3*y + 0 = 2*g - 1, -2*y = -4*g + 6. What is the highest common factor of f and y?
1
Let d be (3/6)/((-1)/(-6)). Suppose -11*o = -8*o - 12. Suppose 4*m + 37 = o*y - d, 2*y + 3*m - 35 = 0. What is the highest common divisor of y and 52?
13
Suppose 0*m - 596 = 4*s + 4*m, 153 = -s - 2*m. Let k = s + 158. What is the greatest common factor of k and 169?
13
Let n(d) = d + 17. Let h be n(-8). Let r be (-4)/6 - (h - 245/21). Calculate the highest common divisor of 16 and r.
2
Let s = -607 + 642. Calculate the greatest common factor of 245 and s.
35
Let c(q) = q**3 + q**2 + 3*q + 5. Let h be c(-2). Let a be (-25 + (-1 - 1))*(h - -4). What is the greatest common divisor of 162 and a?
27
Let s(a) be the first derivative of -a**2 + 12*a - 3. Let r be s(6). Let y be 7 + (r + -3)*1. What is the greatest common factor of y and 16?
4
Let u(m) = -3*m + 4. Let l = -13 + 1. Let s be u(l). What is the highest common factor of 5 and s?
5
Let c = -9 + 19. Suppose 5*a = -7*s + 2*s - 350, 3*s - 5*a = -226. Let j be (5/(-4))/(3/s*3). What is the highest common factor of c and j?
10
Let o(c) = 2*c**3 + 9*c**2 + 3*c - 4. Let h be o(-6). Let d = -46 - h. Calculate the highest common divisor of 56 and d.
28
Suppose 3*c - 4*k + 38 - 4 = 0, 4*c + 3*k + 12 = 0. Let p be 1/(0 + c/7 - -1). Calculate the highest common divisor of 63 and p.
7
Let m be ((-1716)/(-260))/(1/85). What is the highest common factor of 231 and m?
33
Let l be 6 + -2 + -1 + -1. Suppose -3*o = 2*o - 4*z - 130, -l*o = 4*z - 80. Calculate the greatest common factor of 270 and o.
30
Let h(l) = -389*l**2 + 197*l**2 - 3*l + 194*l**2 + 1. Let b(s) = -s + 3. Let y be b(0). Let q be h(y). Calculate the highest common factor of q and 10.
10
Let f(u) = -u**3 + 6*u**2 - 3*u + 14. Let v be f(6). Let a(w) = w**3 + 5*w**2 + 4*w + 5. Let n be a(v). Calculate the greatest common factor of n and 1.
1
Let i = 0 - 17. Let m(l) = 8*l - 30*l + 6*l + 15*l - 16. Let u be m(i). What is the greatest common divisor of 8 and u?
1
Suppose -7*q + 257 + 352 = 0. Calculate the highest common factor of 3219 and q.
87
Let m(l) be the second derivative of -l**3/6 - l**2 - 3*l. Let u be m(-10). Suppose 9*r = u*r + 9. What is the highest common divisor of 1 and r?
1
Let o(r) = -r - 1. Let i(d) = -2 + 3 + 2 - d**2 + 7*d. Let b(k) = -i(k) + 3*o(k). Let s be b(11). Calculate the greatest common divisor of 20 and s.
5
Let a(z) = 43*z - 56. Let l be a(7). Calculate the greatest common divisor of 7 and l.
7
Let s be ((12/(-9))/(-4))/(7/336). What is the highest common divisor of 16 and s?
16
Let v be 35 + 10/(-2)*(-16 + 17). Let o be 9 - (6 - 3)/(-3). What is the greatest common divisor of v and o?
10
Let f = 431 - 407. Let l = 14 + -8. Calculate the highest common divisor of f and l.
6
Let w be ((-8)/(-5))/((-48)/5 - -10). What is the highest common divisor of w and 236?
4
Let p be (2 - 7)*6/(-10). Suppose -n + 0*y = -y - 8, p*y + 12 = n. Suppose -24*b = -130 + 58. Calculate the highest common divisor of b and n.
3
Let q(t) = 3*t**2 + 88*t + 31. Let i be q(-29). Suppose -o = 3*o - 132. Suppose i*r - 3*r = -o. What is the greatest common factor of r and 231?
33
Suppose -21 - 9 = -10*w. Let p = -2 - -2. Suppose n + p*n = w. Calculate the greatest common divisor of n and 27.
3
Let i(f) = f**2 - 3*f + 6. Let x = 19 + -15. Let g be i(x). Suppose -10*w + 14*w = 20. Calculate the greatest common factor of g and w.
5
Suppose 34*k = 36*k - 42. Let i be k - ((-2)/8 + 5/20). What is the greatest common factor of 56 and i?
7
Let g be (-12)/(-16)*(-1 + 253). Let l = 80 - 38. Let d be (l/9)/(4/18). Calculate the highest common factor of g and d.
21
Let l(w) = 16*w**3 - 2*w**2 - w - 3. Let m be l(-5). Let g be (m/48)/((-2)/6). What is the highest common factor of 16 and g?
16
Suppose 33 = 2*r - 3*k, -3*r - r + 56 = -4*k. Let g be 0/(((-9)/3)/(-3)). Suppose g = 4*y - 8*y + 36. Calculate the greatest common factor of y and r.
9
Suppose -4*k - 2*s + 20 = 0, -2*s = -5*s. Let c = -4 - k. Let u be (-9)/c + 8 + 0. Calculate the highest common divisor of u and 99.
9
Let n = 270 + -170. What is the highest common divisor of n and 110?
10
Suppose 0 = -26*h - 2919 + 8119. Calculate the greatest common divisor of 280 and h.
40
Suppose o + 2*i + 8 = 0, -o - 2*o + 5*i = -31. Let n be 1/((-2)/((-1)/((-4)/(-56)))). Calculate the highest common divisor of o and n.
1
Let w = -764 + 1529. Calculate the highest common factor of w and 34.
17
Let m(p) = 8 - 2*p - 2*p - 9*p**2 + p**3 + 19*p**2. Let l be m(-8). Let n be (2 - -19) + (-1 - -